{"id":60,"date":"2015-06-16T14:07:11","date_gmt":"2015-06-16T12:07:11","guid":{"rendered":"http:\/\/www.langstrasse151.ch\/?page_id=60"},"modified":"2015-08-09T15:51:41","modified_gmt":"2015-08-09T13:51:41","slug":"post","status":"publish","type":"page","link":"https:\/\/www.langstrasse151.ch\/index.php\/quartier\/post\/","title":{"rendered":"Post"},"content":{"rendered":"<p>Unsere Poststelle (wo wir die eingeschriebenen Briefe und die P\u00e4ckli abholen k\u00f6nnen) ist an der Molkenstrasse beim Helvetiaplatz. \u00d6ffnungszeiten von Mo bis Fr 08:00 bis 19:00, am Samstag von 09:00 bis 12:00 Uhr.<\/p>\n<p><a href=\"https:\/\/www.langstrasse151.ch\/wp-content\/uploads\/2015\/06\/UnserePoststelle.png\"><img loading=\"lazy\" decoding=\"async\" class=\"alignnone size-medium wp-image-319\" src=\"https:\/\/www.langstrasse151.ch\/wp-content\/uploads\/2015\/06\/UnserePoststelle-251x300.png\" alt=\"UnserePoststelle\" width=\"251\" height=\"300\" srcset=\"https:\/\/www.langstrasse151.ch\/wp-content\/uploads\/2015\/06\/UnserePoststelle-251x300.png 251w, https:\/\/www.langstrasse151.ch\/wp-content\/uploads\/2015\/06\/UnserePoststelle.png 347w\" sizes=\"auto, (max-width: 251px) 100vw, 251px\" \/><\/a><\/p>\n","protected":false},"excerpt":{"rendered":"<p>Unsere Poststelle (wo wir die eingeschriebenen Briefe und die P\u00e4ckli abholen k\u00f6nnen) ist an der Molkenstrasse beim Helvetiaplatz. \u00d6ffnungszeiten von Mo bis Fr 08:00 bis 19:00, am Samstag von 09:00 bis 12:00 Uhr.<\/p>\n","protected":false},"author":1,"featured_media":0,"parent":56,"menu_order":0,"comment_status":"closed","ping_status":"closed","template":"page-templates\/page-full-width.php","meta":{"footnotes":""},"class_list":["post-60","page","type-page","status-publish","hentry"],"_links":{"self":[{"href":"https:\/\/www.langstrasse151.ch\/index.php\/wp-json\/wp\/v2\/pages\/60","targetHints":{"allow":["GET"]}}],"collection":[{"href":"https:\/\/www.langstrasse151.ch\/index.php\/wp-json\/wp\/v2\/pages"}],"about":[{"href":"https:\/\/www.langstrasse151.ch\/index.php\/wp-json\/wp\/v2\/types\/page"}],"author":[{"embeddable":true,"href":"https:\/\/www.langstrasse151.ch\/index.php\/wp-json\/wp\/v2\/users\/1"}],"replies":[{"embeddable":true,"href":"https:\/\/www.langstrasse151.ch\/index.php\/wp-json\/wp\/v2\/comments?post=60"}],"version-history":[{"count":4,"href":"https:\/\/www.langstrasse151.ch\/index.php\/wp-json\/wp\/v2\/pages\/60\/revisions"}],"predecessor-version":[{"id":320,"href":"https:\/\/www.langstrasse151.ch\/index.php\/wp-json\/wp\/v2\/pages\/60\/revisions\/320"}],"up":[{"embeddable":true,"href":"https:\/\/www.langstrasse151.ch\/index.php\/wp-json\/wp\/v2\/pages\/56"}],"wp:attachment":[{"href":"https:\/\/www.langstrasse151.ch\/index.php\/wp-json\/wp\/v2\/media?parent=60"}],"curies":[{"name":"wp","href":"https:\/\/api.w.org\/{rel}","templated":true}]}}