{"id":100,"date":"2015-06-16T14:15:10","date_gmt":"2015-06-16T12:15:10","guid":{"rendered":"http:\/\/www.langstrasse151.ch\/?page_id=100"},"modified":"2015-08-09T14:41:24","modified_gmt":"2015-08-09T12:41:24","slug":"architekten","status":"publish","type":"page","link":"https:\/\/www.langstrasse151.ch\/index.php\/der-bau\/architekten\/","title":{"rendered":"Architekten EM2N &#8211; warum wir das Projekt gewonnen haben"},"content":{"rendered":"<p>Wir haben es geschafft, mit dieser eher schwierig zu bebauenden Parzelle optimal umzugehen.<br \/>\nDie grosse St\u00e4rke in unserem Projekt besteht einerseits sicherlich in der \u201abauherrenfreundlichen\u2018, hohen Dichte, aber auch in der klaren st\u00e4dtebaulichen Auspr\u00e4gung, sowohl in der Setzung wie auch in der Formulierung des Geb\u00e4udek\u00f6rpers und dessen ad\u00e4quaten Materialwahl.<\/p>\n<p>Den Ausschlag f\u00fcr unser Projekt hat wahrscheinlich aber die r\u00e4umliche Qualit\u00e4t der Wohnungen gegeben; namentlich nat\u00fcrlich die \u00fcberhohen Wohnr\u00e4ume, welche die lagebedingte schlechtere Qualit\u00e4t der auf Gleisniveau liegenden Wohnungen entsprechend verbessert.<\/p>\n<p>Gerry Schwyter, Associate<br \/>\nEM2N | MATHIAS M\u00dcLLER | DANIEL NIGGLI<br \/>\nARCHITEKTEN AG | ETH | SIA | BSA<br \/>\nJOSEFSTRASSE 92 | 8005 Z\u00dcRICH<br \/>\nFON +41 44 215 60 10 | FAX +41 44 215 60 11<\/p>\n<h3><span style=\"color: #3366ff;\">Swiss-Architects fragen<\/span><\/h3>\n<h3>Monolithischer Betonschroppen<br \/>\nEM2N haben k\u00fcrzlich ein Mehrfamilienhaus in Z\u00fcrich fertiggestellt. Gerry Schwyter w\u00e4hlt drei Zeichnungen und drei Fotos und beantwortet unsere f\u00fcnf Fragen.<\/h3>\n<p><a href=\"https:\/\/www.langstrasse151.ch\/wp-content\/uploads\/2015\/06\/136_NFG_FOT_MENGES_OBJ_AR_04.jpg\"><img loading=\"lazy\" decoding=\"async\" class=\"alignnone wp-image-6 size-full\" src=\"https:\/\/www.langstrasse151.ch\/wp-content\/uploads\/2015\/06\/136_NFG_FOT_MENGES_OBJ_AR_04.jpg\" alt=\"136_NFG_FOT_MENGES_OBJ_AR_04\" width=\"600\" height=\"471\" srcset=\"https:\/\/www.langstrasse151.ch\/wp-content\/uploads\/2015\/06\/136_NFG_FOT_MENGES_OBJ_AR_04.jpg 600w, https:\/\/www.langstrasse151.ch\/wp-content\/uploads\/2015\/06\/136_NFG_FOT_MENGES_OBJ_AR_04-300x236.jpg 300w\" sizes=\"auto, (max-width: 600px) 100vw, 600px\" \/><\/a><\/p>\n<p><strong>Worin liegt das Besondere an dieser Bauaufgabe?<\/strong><br \/>\nDie grosse Herausforderung lag darin, hochwertigen Wohnraum in einer durch den Bahn- und Strassenverkehr enorm belasteten und schwer zu bebauenden Parzelle, zu schaffen. Die Wohnungstypologien sind stark durch diese Anforderungen gepr\u00e4gt und gliedern den Grundriss gleichzeitig entlang der L\u00e4ngsachse des Geb\u00e4udes.<\/p>\n<p><a href=\"https:\/\/www.langstrasse151.ch\/wp-content\/uploads\/2015\/06\/situation.jpg\"><img loading=\"lazy\" decoding=\"async\" class=\"alignnone size-full wp-image-11\" src=\"https:\/\/www.langstrasse151.ch\/wp-content\/uploads\/2015\/06\/situation.jpg\" alt=\"situation\" width=\"900\" height=\"539\" srcset=\"https:\/\/www.langstrasse151.ch\/wp-content\/uploads\/2015\/06\/situation.jpg 900w, https:\/\/www.langstrasse151.ch\/wp-content\/uploads\/2015\/06\/situation-300x180.jpg 300w\" sizes=\"auto, (max-width: 900px) 100vw, 900px\" \/><\/a><\/p>\n<p><strong>Welche Inspirationen liegen diesem Projekt zugrunde?<\/strong><br \/>\nWir sind fasziniert von Max Vogts kr\u00e4ftigen Betonbauten, die er im Auftrag der SBB \u00fcberall in der Schweiz entlang den Gleisen realisierte, beispielsweise das in einigen hundert Metern Entfernung stehende Stellwerk Z\u00fcrich HB. Gleichzeitig entsteht die r\u00e4umliche Auspr\u00e4gung und Verschachtelung der Wohnungen aus der Weiterentwicklung eigener Projekte, wie zum Beispiel die Mehrfamilienh\u00e4user an der Siewerdtstrasse oder Habsburgstrasse.<\/p>\n<p><a href=\"https:\/\/www.langstrasse151.ch\/wp-content\/uploads\/2015\/06\/136_NFG_FOT_MENGES_OBJ_IR_20.jpg\"><img loading=\"lazy\" decoding=\"async\" class=\"alignnone size-full wp-image-8\" src=\"https:\/\/www.langstrasse151.ch\/wp-content\/uploads\/2015\/06\/136_NFG_FOT_MENGES_OBJ_IR_20.jpg\" alt=\"136_NFG_FOT_MENGES_OBJ_IR_20\" width=\"600\" height=\"471\" srcset=\"https:\/\/www.langstrasse151.ch\/wp-content\/uploads\/2015\/06\/136_NFG_FOT_MENGES_OBJ_IR_20.jpg 600w, https:\/\/www.langstrasse151.ch\/wp-content\/uploads\/2015\/06\/136_NFG_FOT_MENGES_OBJ_IR_20-300x236.jpg 300w\" sizes=\"auto, (max-width: 600px) 100vw, 600px\" \/><\/a><\/p>\n<p><strong>Wie hat der Ort auf den Entwurf eingewirkt?<\/strong><br \/>\nDie Position im Stadtgef\u00fcge pr\u00e4gt das Geb\u00e4ude massgebend. Es passt sich mit seiner bogenf\u00f6rmigen Fassade an das Gleisfeld an und reagiert im Schnitt auf der Bahn- und L\u00e4rm zugewandten Schicht mit \u00fcberhohen R\u00e4umen f\u00fcr die gleisnahen Wohnungen. Auch die Materialwahl der Fassade wurde durch die Lage des Geb\u00e4udes beeinflusst. Der Betonmonolith steht unverr\u00fcckbar (obwohl schwimmend gelagert) an seiner Position.<\/p>\n<p><a href=\"https:\/\/www.langstrasse151.ch\/wp-content\/uploads\/2015\/06\/2og.jpg\"><img loading=\"lazy\" decoding=\"async\" class=\"alignnone size-full wp-image-5\" src=\"https:\/\/www.langstrasse151.ch\/wp-content\/uploads\/2015\/06\/2og.jpg\" alt=\"2og\" width=\"900\" height=\"522\" srcset=\"https:\/\/www.langstrasse151.ch\/wp-content\/uploads\/2015\/06\/2og.jpg 900w, https:\/\/www.langstrasse151.ch\/wp-content\/uploads\/2015\/06\/2og-300x174.jpg 300w\" sizes=\"auto, (max-width: 900px) 100vw, 900px\" \/><\/a><\/p>\n<p><strong>Gab es bedeutende Projekt\u00e4nderungen vom ersten Entwurf bis zum vollendeten Bauwerk?<\/strong><br \/>\nDas ausgef\u00fchrte Projekt weist noch immer sehr starke \u00c4hnlichkeiten mit unserem Wettbewerbsbeitrag auf. Als gr\u00f6sste Weiterentwicklungen sind allenfalls das Weglassen des ornamentalen Musters auf der Fassade und die Akzentuierung des Geb\u00e4udes beim Br\u00fcckenkopf durch die Ausbildung des Erkers hervorzuheben.<\/p>\n<p><a href=\"https:\/\/www.langstrasse151.ch\/wp-content\/uploads\/2015\/06\/schnitt.jpg\"><img loading=\"lazy\" decoding=\"async\" class=\"alignnone size-full wp-image-9\" src=\"https:\/\/www.langstrasse151.ch\/wp-content\/uploads\/2015\/06\/schnitt.jpg\" alt=\"schnitt\" width=\"900\" height=\"340\" srcset=\"https:\/\/www.langstrasse151.ch\/wp-content\/uploads\/2015\/06\/schnitt.jpg 900w, https:\/\/www.langstrasse151.ch\/wp-content\/uploads\/2015\/06\/schnitt-300x113.jpg 300w\" sizes=\"auto, (max-width: 900px) 100vw, 900px\" \/><\/a><\/p>\n<p><strong>Welches Produkt oder Material hat zum Erfolg des vollendeten Bauwerks beigetragen?<\/strong><br \/>\nDie Konstruktion aus Sichtbeton pr\u00e4gt das Geb\u00e4ude. Der Beton hat es m\u00f6glich gemacht, dem Geb\u00e4ude eine starke Pr\u00e4senz und Standhaftigkeit zu verleihen. Die tiefen Leibungen machen das Haus zum Objekt, zum Monolith.<\/p>\n<p><a href=\"https:\/\/www.langstrasse151.ch\/wp-content\/uploads\/2015\/06\/136_NFG_FOT_MENGES_OBJ_AR_26.jpg\"><img loading=\"lazy\" decoding=\"async\" class=\"alignnone size-full wp-image-7\" src=\"https:\/\/www.langstrasse151.ch\/wp-content\/uploads\/2015\/06\/136_NFG_FOT_MENGES_OBJ_AR_26.jpg\" alt=\"136_NFG_FOT_MENGES_OBJ_AR_26\" width=\"600\" height=\"471\" srcset=\"https:\/\/www.langstrasse151.ch\/wp-content\/uploads\/2015\/06\/136_NFG_FOT_MENGES_OBJ_AR_26.jpg 600w, https:\/\/www.langstrasse151.ch\/wp-content\/uploads\/2015\/06\/136_NFG_FOT_MENGES_OBJ_AR_26-300x236.jpg 300w\" sizes=\"auto, (max-width: 600px) 100vw, 600px\" \/><\/a><\/p>\n<p>Neubau Wohnhaus Langstrasse 151<br \/>\n2013<br \/>\nZ\u00fcrich ZH<br \/>\nAuftragsart: Wettbewerb<br \/>\nBauherrschaft: SBB Immobilien, Z\u00fcrich<\/p>\n<p>Architektur: EM2N, Z\u00fcrich<br \/>\nPartners: Mathias M\u00fcller, Daniel Niggli<br \/>\nProject leader: Gerry Schwyter (Associate), David Duca, Raul Mera<br \/>\nProject team: Fabian H\u00f6rmann (Associate), Florian Kaiser, Martin Schriener, Elena Schwarz, CarolineVogel<\/p>\n<p>Fachplaner: Schnetzer Puskas Ingenieure AG, Z\u00fcrich<br \/>\nBauleitung: Totalunternehmer &#8211; Halter Generalunternehmung<\/p>\n<p>Energiestandard: Minergie<\/p>\n<p>Fotos: Simon Menges<br \/>\nQuelle: http:\/\/www.swiss-architects.com\/de\/projekte\/bau-der-woche-aktuell\/40866_neubau_wohnhaus_langstrasse_151<\/p>\n","protected":false},"excerpt":{"rendered":"<p>Wir haben es geschafft, mit dieser eher schwierig zu bebauenden Parzelle optimal umzugehen. Die grosse St\u00e4rke in unserem Projekt besteht einerseits sicherlich in der \u201abauherrenfreundlichen\u2018, hohen Dichte, aber auch in der klaren st\u00e4dtebaulichen Auspr\u00e4gung, sowohl in der Setzung wie auch in der Formulierung des Geb\u00e4udek\u00f6rpers und dessen ad\u00e4quaten Materialwahl. Den<\/p>\n","protected":false},"author":1,"featured_media":0,"parent":96,"menu_order":0,"comment_status":"closed","ping_status":"closed","template":"page-templates\/page-full-width.php","meta":{"footnotes":""},"class_list":["post-100","page","type-page","status-publish","hentry"],"_links":{"self":[{"href":"https:\/\/www.langstrasse151.ch\/index.php\/wp-json\/wp\/v2\/pages\/100","targetHints":{"allow":["GET"]}}],"collection":[{"href":"https:\/\/www.langstrasse151.ch\/index.php\/wp-json\/wp\/v2\/pages"}],"about":[{"href":"https:\/\/www.langstrasse151.ch\/index.php\/wp-json\/wp\/v2\/types\/page"}],"author":[{"embeddable":true,"href":"https:\/\/www.langstrasse151.ch\/index.php\/wp-json\/wp\/v2\/users\/1"}],"replies":[{"embeddable":true,"href":"https:\/\/www.langstrasse151.ch\/index.php\/wp-json\/wp\/v2\/comments?post=100"}],"version-history":[{"count":5,"href":"https:\/\/www.langstrasse151.ch\/index.php\/wp-json\/wp\/v2\/pages\/100\/revisions"}],"predecessor-version":[{"id":208,"href":"https:\/\/www.langstrasse151.ch\/index.php\/wp-json\/wp\/v2\/pages\/100\/revisions\/208"}],"up":[{"embeddable":true,"href":"https:\/\/www.langstrasse151.ch\/index.php\/wp-json\/wp\/v2\/pages\/96"}],"wp:attachment":[{"href":"https:\/\/www.langstrasse151.ch\/index.php\/wp-json\/wp\/v2\/media?parent=100"}],"curies":[{"name":"wp","href":"https:\/\/api.w.org\/{rel}","templated":true}]}}